What are the prime factors of 3555345?
3, 5, 421, 563
List the prime factors of 5003967.
3, 17, 59, 1663
What are the prime factors of 3370390?
2, 5, 337039
What are the prime factors of 1400978?
2, 151, 4639
What are the prime factors of 3484789?
7, 11, 167, 271
What are the prime factors of 436612?
2, 11, 9923
List the prime factors of 35037870.
2, 3, 5, 7, 166847
What are the prime factors of 261383?
19, 13757
What are the prime factors of 415467?
3, 13, 53, 67
List the prime factors of 1296862.
2, 7, 17, 5449
List the prime factors of 524477.
71, 83, 89
What are the prime factors of 3346645?
5, 669329
What are the prime factors of 878844?
2, 3, 73237
What are the prime factors of 9647746?
2, 733, 6581
List the prime factors of 3538175.
5, 307, 461
What are the prime factors of 48271?
48271
List the prime factors of 5211899.
7, 11, 113, 599
List the prime factors of 2525238.
2, 3, 53, 2647
What are the prime factors of 8575064?
2, 347, 3089
List the prime factors of 11604367.
43, 211, 1279
List the prime factors of 1880068.
2, 307, 1531
What are the prime factors of 28982184?
2, 3, 7, 11, 15683
What are the prime factors of 115428?
2, 3, 9619
List the prime factors of 10082786.
2, 7, 23, 173, 181
What are the prime factors of 2743785?
3, 5, 11, 23, 241
List the prime factors of 452394.
2, 3, 41, 613
List the prime factors of 589063.
589063
List the prime factors of 252293.
252293
List the prime factors of 7588920.
2, 3, 5, 63241
What are the prime factors of 372911?
7, 11, 29, 167
List the prime factors of 1101564.
2, 3, 37, 827
List the prime factors of 948537.
3, 19, 43
List the prime factors of 597977.
23, 25999
What are the prime factors of 8752343?
439, 19937
List the prime factors of 32480342.
2, 4003, 4057
List the prime factors of 641642.
2, 320821
List the prime factors of 306678.
2, 3, 79, 647
List the prime factors of 271391.
223, 1217
List the prime factors of 699044.
2, 174761
What are the prime factors of 364343?
7, 23, 31, 73
List the prime factors of 2083846.
2, 23, 89, 509
What are the prime factors of 1891719?
3, 210191
List the prime factors of 20044624.
2, 103, 12163
List the prime factors of 4800615.
3, 5, 320041
List the prime factors of 4370508.
2, 3, 121403
What are the prime factors of 33822271?
7, 31, 155863
List the prime factors of 1029543.
3, 113, 3037
What are the prime factors of 776813?
776813
What are the prime factors of 2878194?
2, 3, 11, 43609
What are the prime factors of 1076575?
5, 43063
What are the prime factors of 4020959?
17, 236527
List the prime factors of 47055.
3, 5, 3137
List the prime factors of 2662622.
2, 19, 41, 1709
What are the prime factors of 1880679?
3, 29, 21617
What are the prime factors of 13544637?
3, 41, 110119
List the prime factors of 134956.
2, 33739
List the prime factors of 195508.
2, 37, 1321
List the prime factors of 266313.
3, 88771
List the prime factors of 34428.
2, 3, 19, 151
What are the prime factors of 5352456?
2, 3, 223019
What are the prime factors of 131875?
5, 211
List the prime factors of 254583.
3, 7, 449
List the prime factors of 10624838.
2, 7, 19, 59, 677
What are the prime factors of 7684442?
2, 17, 226013
What are the prime factors of 33497057?
11, 19, 83, 1931
List the prime factors of 803022.
2, 3, 11, 23
What are the prime factors of 2104189?
883, 2383
List the prime factors of 330516.
2, 3, 9181
What are the prime factors of 516917?
107, 4831
What are the prime factors of 27558475?
5, 7, 157477
What are the prime factors of 716791?
59, 12149
List the prime factors of 278801.
278801
List the prime factors of 402215.
5, 11, 71, 103
List the prime factors of 164565.
3, 5, 23, 53
List the prime factors of 173561.
173561
What are the prime factors of 564134?
2, 127, 2221
What are the prime factors of 706976?
2, 22093
What are the prime factors of 428029?
7, 47, 1301
List the prime factors of 245793.
3, 81931
List the prime factors of 11508298.
2, 5754149
What are the prime factors of 2134072?
2, 266759
What are the prime factors of 8717452?
2, 241, 9043
What are the prime factors of 214933?
37, 157
What are the prime factors of 3069462?
2, 3, 11, 46507
List the prime factors of 157879.
17, 37, 251
List the prime factors of 14059728.
2, 3, 163, 599
List the prime factors of 1061532.
2, 3, 9829
List the prime factors of 925605.
3, 5, 67, 307
What are the prime factors of 6510610?
2, 5, 23, 28307
List the prime factors of 4172369.
4172369
What are the prime factors of 1921521?
3, 7, 37, 2473
What are the prime factors of 794758?
2, 397379
List the prime factors of 4147539.
3, 11, 125683
List the prime factors of 32119.
32119
List the prime factors of 173804.
2, 43451
List the prime factors of 784823.
13, 73, 827
List the prime factors of 942230.
2, 5, 59, 1597
List the prime factors of 243847.
59, 4133
List the prime factors of 32005723.
139, 230257
List the prime factors of 233711.
29, 8059
List the prime factors of 239841.
3, 7, 47
List the prime factors of 2486763.
3, 83, 3329
List the prime factors of 2262866.
2, 983, 1151
List the prime factors of 1645.
5, 7, 47
What are the prime factors of 1501596?
2, 3, 53, 787
List the prime factors of 13959468.
2, 3, 387763
What are the prime factors of 29897399?
7, 181, 3371
What are the prime factors of 9689867?
11, 19, 71, 653
What are the prime factors of 24822245?
5, 7, 271, 2617
What are the prime factors of 190586?
2, 11, 8663
List the prime factors of 230438.
2, 13, 8863
List the prime factors of 2333715.
3, 5, 155581
List the prime factors of 3792175.
5, 151687
What are the prime factors of 586707?
3, 11, 23, 773
List the prime factors of 90006.
2, 3, 7, 2143
What are the prime factors of 4301134?
2, 2150567
What are the prime factors of 6055?
5, 7, 173
What are the prime factors of 2901069?
3, 139, 773
What are the prime factors of 9065018?
2, 41, 227, 487
List the prime factors of 44835115.
5, 13, 689771
What are the prime factors of 69211?
67, 1033
List the prime factors of 40867389.
3, 23, 65809
What are the prime factors of 501728?
2, 15679
List the prime factors of 2363256.
2, 3, 7, 521
List the prime factors of 6445108.
2, 17, 94781
List the prime factors of 27358898.
2, 7, 19, 163, 631
List the prime factors of 2488706.
2, 11, 113123
List the prime factors of 746727.
3, 248909
What are the prime factors of 2625411?
3, 89, 9833
List the prime factors of 3822750.
2, 3, 5, 1699
List the prime factors of 4484.
2, 19, 59
List the prime factors of 3178246.
2, 1589123
List the prime factors of 3056214.
2, 3, 7, 72767
List the prime factors of 1324823.
23, 57601
What are the prime factors of 175318?
2, 11, 13, 613
What are the prime factors of 3901996?
2, 7, 23, 73, 83
What are the prime factors of 20300338?
2, 2399, 4231
List the prime factors of 12953896.
2, 19, 85223
What are the prime factors of 1475447?
17, 229, 379
What are the prime factors of 182010?
2, 3, 5, 6067
List the prime factors of 2366988.
2, 3, 13, 15173
What are the prime factors of 35916?
2, 3, 41, 73
List the prime factors of 13893.
3, 11, 421
List the prime factors of 4792190.
2, 5, 13, 191, 193
List the prime factors of 2771552.
2, 7, 12373
What are the prime factors of 1052000?
2, 5, 263
List the prime factors of 1728140.
2, 5, 71, 1217
List the prime factors of 916265.
5, 7, 47, 557
List the prime factors of 1507901.
47, 32083
What are the prime factors of 40189?
40189
List the prime factors of 28243.
61, 463
List the prime factors of 225788.
2, 47, 1201
List the prime factors of 6916241.
61, 113381
List the prime factors of 437438.
2, 218719
List the prime factors of 1323145.
5, 53, 4993
List the prime factors of 481173.
3, 7, 11, 2083
List the prime factors of 293092.
2, 47, 1559
What are the prime factors of 4331196?
2, 3, 31, 3881
What are the prime factors of 1206501?
3, 113, 3559
What are the prime factors of 655070?
2, 5, 13, 5039
What are the prime factors of 296396?
2, 74099
What are the prime factors of 10113688?
2, 13, 31, 3137
List the prime factors of 131681.
11, 11971
List the prime factors of 535653.
3, 17, 389
What are the prime factors of 4698499?
13, 73, 4951
What are the prime factors of 5265?
3, 5, 13
List the prime factors of 190861.
11, 17351
What are the prime factors of 2323686?
2, 3, 387281
List the pri